9326?
9
What is the hundred thousands digit of 411126005?
1
What is the ten thousands digit of 132034234?
3
What is the millions digit of 25853156?
5
What is the billions digit of 4249243144?
4
What is the millions digit of 830909449?
0
What is the ten millions digit of 1712687285?
1
What is the units digit of 477892825?
5
What is the units digit of 415484815?
5
What is the tens digit of 221867021?
2
What is the hundred thousands digit of 566960458?
9
What is the hundreds digit of 1378765041?
0
What is the units digit of 58356811?
1
What is the ten millions digit of 133458475?
3
What is the tens digit of 3369420746?
4
What is the tens digit of 100805915?
1
What is the units digit of 22094284?
4
What is the ten thousands digit of 8477354761?
5
What is the millions digit of 13880954?
3
What is the hundred thousands digit of 284210059?
2
What is the ten millions digit of 258469139?
5
What is the units digit of 68722863?
3
What is the thousands digit of 3898676352?
6
What is the hundred thousands digit of 444588985?
5
What is the thousands digit of 769210309?
0
What is the ten millions digit of 90591177?
9
What is the units digit of 938518971?
1
What is the hundred millions digit of 197195246?
1
What is the units digit of 61384456?
6
What is the hundred thousands digit of 147439756?
4
What is the millions digit of 1171814300?
1
What is the hundreds digit of 2857871855?
8
What is the hundred thousands digit of 422920743?
9
What is the hundreds digit of 40349062?
0
What is the hundreds digit of 260583858?
8
What is the units digit of 100755854?
4
What is the ten millions digit of 19219453?
1
What is the tens digit of 6573085?
8
What is the ten thousands digit of 854799209?
9
What is the hundred millions digit of 135074940?
1
What is the units digit of 74904744?
4
What is the hundreds digit of 166639301?
3
What is the ten thousands digit of 1952761038?
6
What is the hundred millions digit of 2991525852?
9
What is the thousands digit of 45153064?
3
What is the hundred thousands digit of 680550865?
5
What is the units digit of 4607111791?
1
What is the ten millions digit of 87901075?
8
What is the billions digit of 1864707266?
1
What is the tens digit of 4318714504?
0
What is the ten millions digit of 90969919?
9
What is the ten millions digit of 435046623?
3
What is the millions digit of 90709884?
0
What is the hundreds digit of 34579301?
3
What is the thousands digit of 1794344498?
4
What is the tens digit of 34215926?
2
What is the tens digit of 205439194?
9
What is the hundred thousands digit of 1053101681?
1
What is the ten millions digit of 43887269?
4
What is the ten thousands digit of 809630884?
3
What is the units digit of 179105763?
3
What is the ten thousands digit of 134109718?
0
What is the units digit of 8409505?
5
What is the hundreds digit of 84697973?
9
What is the thousands digit of 210530005?
0
What is the millions digit of 3175244165?
5
What is the units digit of 625162198?
8
What is the ten thousands digit of 1324058246?
5
What is the tens digit of 46384615?
1
What is the thousands digit of 4451433057?
3
What is the hundred thousands digit of 353692714?
6
What is the tens digit of 1312015431?
3
What is the hundreds digit of 132443395?
3
What is the hundred thousands digit of 3235445378?
4
What is the ten millions digit of 10408495?
1
What is the units digit of 561590978?
8
What is the hundred thousands digit of 73799682?
7
What is the millions digit of 19839377?
9
What is the millions digit of 13537617?
3
What is the units digit of 605976665?
5
What is the hundred thousands digit of 3020259?
0
What is the units digit of 1738477786?
6
What is the ten thousands digit of 27741468?
4
What is the hundred millions digit of 8244414453?
2
What is the ten millions digit of 107233047?
0
What is the hundred thousands digit of 618648726?
6
What is the hundreds digit of 136263160?
1
What is the thousands digit of 1895848846?
8
What is the ten thousands digit of 21851953?
5
What is the millions digit of 767787358?
7
What is the hundred millions digit of 778453042?
7
What is the millions digit of 915350658?
5
What is the ten millions digit of 20591603?
2
What is the units digit of 94937325?
5
What is the tens digit of 940912388?
8
What is the millions digit of 1062595604?
2
What is the ten thousands digit of 113545847?
4
What is the thousands digit of 550376801?
6
What is the ten millions digit of 1536483345?
3
What is the units digit of 115563055?
5
What is the ten millions digit of 3025584667?
2
What is the hundred thousands digit of 216506382?
5
What is the hundred thousands digit of 277750120?
7
What is the ten thousands digit of 248873163?
7
What is the millions digit of 7405804853?
5
What is the tens digit of 3129831314?
1
What is the tens digit of 148011740?
4
What is the ten millions digit of 120835451?
2
What is the thousands digit of 47673947?
3
What is the units digit of 2073345664?
4
What is the hundreds digit of 1895663838?
8
What is the tens digit of 37331364?
6
What is the ten millions digit of 1061081003?
6
What is the millions digit of 7278891683?
8
What is the hundreds digit of 438267186?
1
What is the hundred millions digit of 786064380?
7
What is the units digit of 1536397448?
8
What is the ten thousands digit of 152987865?
8
What is the tens digit of 51817249?
4
What is the millions digit of 125853839?
5
What is the thousands digit of 155200418?
0
What is the hundred millions digit of 241525605?
2
What is the ten thousands digit of 66015154?
1
What is the millions digit of 45590537?
5
What is the hundreds digit of 2186556646?
6
What is the ten millions digit of 367632828?
6
What is the ten thousands digit of 839497?
3
What is the thousands digit of 5297112704?
2
What is the hundred thousands digit of 153751520?
7
What is the ten millions digit of 2840838436?
4
What is the units digit of 81759459?
9
What is the thousands digit of 111177360?
7
What is the millions digit of 350315490?
0
What is the ten thousands digit of 2039329852?
2
What is the millions digit of 32810927?
2
What is the ten thousands digit of 20272973?
7
What is the hundreds digit of 2797593741?
7
What is the tens digit of 95329810?
1
What is the billions digit of 1148905754?
1
What is the units digit of 1527486?
6
What is the ten millions digit of 95087267?
9
What is the millions digit of 600113048?
0
What is the hundreds digit of 148986879?
8
What is the hundreds digit of 348589706?
7
What is the ten millions digit of 63475301?
6
What is the hundred thousands digit of 1286470210?
4
What is the millions digit of 2638026397?
8
What is the tens digit of 19225127?
2
What is the tens digit of 363927650?
5
What is the thousands digit of 4557937865?
7
What is the tens digit of 1446676848?
4
What is the hundred thousands digit of 65293768?
2
What is the hundred thousands digit of 42917976?
9
What is the hundred millions digit of 269247052?
2
What is the hundreds digit of 207138464?
4
What is the hundred millions digit of 279011884?
2
What is the thousands digit of 8431544?
1
What is the units digit of 1290412377?
7
What is the millions digit of 2985416812?
5
What is the units digit of 148694921?
1
What is the units digit of 315531440?
0
What is the hundred thousands digit of 263333099?
3
What is the hundred thousands digit of 252634853?
6
What is the hundreds digit of 22844532?
5
What is the tens digit of 29541741?
4
What is the units digit of 8106079?
9
What is the millions digit of 40851610?
0
What is the hundreds digit of 530905625?
6
What is the ten thousands digit of 1062285096?
8
What is the billions digit of 1300052067?
1
What is the millions digit of 5206921974?
6
What is the hundred millions digit of 194801963?
1
What is the hundred thousands digit of 183931114?
9
What is the thousands digit of 707052694?
2
What is the thousands digit of 6510485322?
5
What is the millions digit of 4109235638?
9
What is the millions digit of 131953279?
1
What is the units digit of 326005856?
6
What is the hundred thousands digit of 36182017?
1
What is the units digit of 4173777249?
9
What is the hundreds digit of 1620482255?
2
What is the hundreds digit of 1580921493?
4
What is the thousands digit of 14354120?
4
What is the hundreds digit of 51462530?
5
What is the thous